{"id":8832,"date":"2021-11-01T07:51:54","date_gmt":"2021-11-01T10:51:54","guid":{"rendered":"https:\/\/www.oticaleblon.com.br\/loja\/?page_id=8832"},"modified":"2021-11-05T08:02:58","modified_gmt":"2021-11-05T11:02:58","slug":"troca","status":"publish","type":"page","link":"https:\/\/www.oticaleblon.com.br\/loja\/troca\/","title":{"rendered":"Pol\u00edtica de troca, devolu\u00e7\u00e3o e arrependimento"},"content":{"rendered":"<p>[vc_row][vc_column][vc_column_text]<\/p>\n<p>A \u00d3TICA LEBLON utiliza tecnologia de ponta para a fabrica\u00e7\u00e3o de seus produtos, primando pela qualidade e satisfa\u00e7\u00e3o de seus clientes. Pelo respeito e para que seja mantida a credibilidade conquistada junto aos seus consumidores, a empresa criou uma pol\u00edtica de troca e devolu\u00e7\u00e3o de acordo com o C\u00f3digo de Defesa do Consumidor, e preocupada para que voc\u00ea (cliente) obtenha uma negocia\u00e7\u00e3o eficaz, \u00e1gil e principalmente satisfat\u00f3ria.<\/p>\n\n<p>Caso opte pelo contato via correio eletr\u00f4nico ou telef\u00f4nico, ser\u00e1 encaminhado a voc\u00ea o formul\u00e1rio para preenchimento e envio junto \u00e0(s) pe\u00e7a(s). O produto devolvido sem esse formul\u00e1rio e\/ou sem a comunica\u00e7\u00e3o ao SAC ser\u00e1 reenviado sem consulta pr\u00e9via.<\/p>\n\n<p>Ao efetuar o processo de devolu\u00e7\u00e3o\/troca o cliente dever\u00e1 no verso da nota fiscal a ser devolvida\/trocada, informar o motivo da devolu\u00e7\u00e3o\/troca, o nome de quem est\u00e1 devolvendo, CPF e a data da devolu\u00e7\u00e3o.<\/p>\n\n<p>*ATEN\u00c7\u00c3O: Para efetuar o processo de troca \u00e9 necess\u00e1rio estar logado. Devolu\u00e7\u00e3o por Arrependimento\/Desist\u00eancia Se ao receber o produto, voc\u00ea resolver devolv\u00ea-lo por arrependimento, dever\u00e1 faz\u00ea-lo em at\u00e9 sete dias corridos, a contar da data de recebimento.<\/p>\n\n<p>Observando as seguintes condi\u00e7\u00f5es: O produto n\u00e3o poder\u00e1 ter ind\u00edcios de uso.<\/p>\n\n<p>O produto dever\u00e1 ser encaminhado preferencialmente na embalagem original, acompanhado de nota fiscal, etiquetas, tags (etiqueta com c\u00f3digo de refer\u00eancia do produto) devidamente fixada no produto e todos os seus acess\u00f3rios.<\/p>\n\n<p>Ao efetuar o processo de devolu\u00e7\u00e3o o cliente dever\u00e1 no verso da nota fiscal a ser devolvida, informar o motivo da recusa\/devolu\u00e7\u00e3o, o nome de quem est\u00e1 devolvendo, CPF e a data da devolu\u00e7\u00e3o.<\/p>\n<p>Ao recebermos o produto, devidamente sem marcas de uso e sinais de desgastes (Arma\u00e7\u00e3o e lentes), o SAC entrer\u00e1 em contato para gerar<br \/>cupom de troca, valido por 30 dias.<\/p>\n<p>Como funcionam as trocas?<br \/>Deve ser cumprido o prazo de at\u00e9 7 dias a partir da data de recebimento do seu pedido;<\/p>\n<p>Sua primeira troca \u00e9 totalmente gratuita &#8211; incluindo custos de frete.<\/p>\n<p>E se houver diferen\u00e7a no valor entre os pedidos?<\/p>\n<p>Caso a segunda arma\u00e7\u00e3o tenha um valor maior &#8211; nesse caso, voc\u00ea pagar\u00e1 a diferen\u00e7a normalmente antes de finalizar sua compra!<br \/>O valor do cupom ser\u00e1 subtra\u00eddo e o valor final da nova compra ser\u00e1 essa diferen\u00e7a.<\/p>\n<p>Caso a segunda arma\u00e7\u00e3o tenha um valor menor &#8211; nesse caso, voc\u00ea receber\u00e1 um cupom com o valor dessa diferen\u00e7a e validade de at\u00e9 6 meses!<\/p>\n<p>E se a arma\u00e7\u00e3o comprada estiver com lentes de grau, &#8211; incluindo lentes sem grau, com filtro de luz azul &#8211; ela poder\u00e1 ser trocada?<\/p>\n<p>Pode sim! Sendo a primeira troca, voc\u00ea n\u00e3o ter\u00e1 custos para isso \u00e9 s\u00f3 seguir normalmente pelo atendimento via SAC.<\/p>\n<p>E se n\u00e3o for a primeira troca?<br \/>Nesse caso, arcaremos apenas com o primeiro processo de troca. Sendo assim, a partir da segunda troca o valor de novas lentes e<br \/>do frete de retorno ser\u00e3o responsabilidades do cliente. A solicita\u00e7\u00e3o tamb\u00e9m deve ser feita pelo SAC.<\/p>\n<p>Aten\u00e7\u00e3o!<br \/>Compras realizadas no site podem ser trocadas em nossas lojas f\u00edsicas, s\u00e3o elas:<br \/>Veja a loja mais proxima no <a href=\"https:\/\/www.oticaleblon.com.br\/loja\/contato\/\">Contatos<\/a>, caso voc\u00ea realize uma compra em uma dessas lojas, sua troca dever\u00e1 ser realizada em uma delas tamb\u00e9m!<\/p>\n<p>Se o endere\u00e7o de cadastro estiver errado e n\u00e3o for alterado a tempo, no caso do pacote retornar para o nosso endere\u00e7o, mandaremos de volta assim que recebermos.<\/p>\n<p>[\/vc_column_text][\/vc_column][\/vc_row]<\/p>\n","protected":false},"excerpt":{"rendered":"<p>[vc_row][vc_column][vc_column_text] A \u00d3TICA LEBLON utiliza tecnologia de ponta para a fabrica\u00e7\u00e3o de seus produtos, primando pela qualidade e satisfa\u00e7\u00e3o de seus clientes. Pelo respeito e para que seja mantida a credibilidade conquistada junto aos seus consumidores, a empresa criou uma pol\u00edtica de troca e devolu\u00e7\u00e3o de acordo com o C\u00f3digo de Defesa do Consumidor, e [&hellip;]<\/p>\n","protected":false},"author":1,"featured_media":0,"parent":0,"menu_order":0,"comment_status":"closed","ping_status":"closed","template":"","meta":[],"yoast_head":"<!-- This site is optimized with the Yoast SEO plugin v17.4 - https:\/\/yoast.com\/wordpress\/plugins\/seo\/ -->\n<title>Pol\u00edtica de troca, devolu\u00e7\u00e3o e arrependimento - \u00d3tica Leblon<\/title>\n<meta name=\"robots\" content=\"index, follow, max-snippet:-1, max-image-preview:large, max-video-preview:-1\" \/>\n<link rel=\"canonical\" href=\"https:\/\/www.oticaleblon.com.br\/loja\/troca\/\" \/>\n<meta property=\"og:locale\" content=\"pt_BR\" \/>\n<meta property=\"og:type\" content=\"article\" \/>\n<meta property=\"og:title\" content=\"Pol\u00edtica de troca, devolu\u00e7\u00e3o e arrependimento - \u00d3tica Leblon\" \/>\n<meta property=\"og:description\" content=\"[vc_row][vc_column][vc_column_text] A \u00d3TICA LEBLON utiliza tecnologia de ponta para a fabrica\u00e7\u00e3o de seus produtos, primando pela qualidade e satisfa\u00e7\u00e3o de seus clientes. Pelo respeito e para que seja mantida a credibilidade conquistada junto aos seus consumidores, a empresa criou uma pol\u00edtica de troca e devolu\u00e7\u00e3o de acordo com o C\u00f3digo de Defesa do Consumidor, e [&hellip;]\" \/>\n<meta property=\"og:url\" content=\"https:\/\/www.oticaleblon.com.br\/loja\/troca\/\" \/>\n<meta property=\"og:site_name\" content=\"\u00d3tica Leblon\" \/>\n<meta property=\"article:modified_time\" content=\"2021-11-05T11:02:58+00:00\" \/>\n<meta name=\"twitter:card\" content=\"summary_large_image\" \/>\n<meta name=\"twitter:label1\" content=\"Est. tempo de leitura\" \/>\n\t<meta name=\"twitter:data1\" content=\"2 minutos\" \/>\n<script type=\"application\/ld+json\" class=\"yoast-schema-graph\">{\"@context\":\"https:\/\/schema.org\",\"@graph\":[{\"@type\":\"WebSite\",\"@id\":\"https:\/\/www.oticaleblon.com.br\/loja\/#website\",\"url\":\"https:\/\/www.oticaleblon.com.br\/loja\/\",\"name\":\"\\u00d3tica Leblon\",\"description\":\"Sua \\u00d3tica na internet\",\"potentialAction\":[{\"@type\":\"SearchAction\",\"target\":{\"@type\":\"EntryPoint\",\"urlTemplate\":\"https:\/\/www.oticaleblon.com.br\/loja\/?s={search_term_string}\"},\"query-input\":\"required name=search_term_string\"}],\"inLanguage\":\"pt-BR\"},{\"@type\":\"WebPage\",\"@id\":\"https:\/\/www.oticaleblon.com.br\/loja\/troca\/#webpage\",\"url\":\"https:\/\/www.oticaleblon.com.br\/loja\/troca\/\",\"name\":\"Pol\\u00edtica de troca, devolu\\u00e7\\u00e3o e arrependimento - \\u00d3tica Leblon\",\"isPartOf\":{\"@id\":\"https:\/\/www.oticaleblon.com.br\/loja\/#website\"},\"datePublished\":\"2021-11-01T10:51:54+00:00\",\"dateModified\":\"2021-11-05T11:02:58+00:00\",\"breadcrumb\":{\"@id\":\"https:\/\/www.oticaleblon.com.br\/loja\/troca\/#breadcrumb\"},\"inLanguage\":\"pt-BR\",\"potentialAction\":[{\"@type\":\"ReadAction\",\"target\":[\"https:\/\/www.oticaleblon.com.br\/loja\/troca\/\"]}]},{\"@type\":\"BreadcrumbList\",\"@id\":\"https:\/\/www.oticaleblon.com.br\/loja\/troca\/#breadcrumb\",\"itemListElement\":[{\"@type\":\"ListItem\",\"position\":1,\"name\":\"Home\",\"item\":\"https:\/\/www.oticaleblon.com.br\/loja\/\"},{\"@type\":\"ListItem\",\"position\":2,\"name\":\"Pol\\u00edtica de troca, devolu\\u00e7\\u00e3o e arrependimento\"}]}]}<\/script>\n<!-- \/ Yoast SEO plugin. -->","yoast_head_json":{"title":"Pol\u00edtica de troca, devolu\u00e7\u00e3o e arrependimento - \u00d3tica Leblon","robots":{"index":"index","follow":"follow","max-snippet":"max-snippet:-1","max-image-preview":"max-image-preview:large","max-video-preview":"max-video-preview:-1"},"canonical":"https:\/\/www.oticaleblon.com.br\/loja\/troca\/","og_locale":"pt_BR","og_type":"article","og_title":"Pol\u00edtica de troca, devolu\u00e7\u00e3o e arrependimento - \u00d3tica Leblon","og_description":"[vc_row][vc_column][vc_column_text] A \u00d3TICA LEBLON utiliza tecnologia de ponta para a fabrica\u00e7\u00e3o de seus produtos, primando pela qualidade e satisfa\u00e7\u00e3o de seus clientes. Pelo respeito e para que seja mantida a credibilidade conquistada junto aos seus consumidores, a empresa criou uma pol\u00edtica de troca e devolu\u00e7\u00e3o de acordo com o C\u00f3digo de Defesa do Consumidor, e [&hellip;]","og_url":"https:\/\/www.oticaleblon.com.br\/loja\/troca\/","og_site_name":"\u00d3tica Leblon","article_modified_time":"2021-11-05T11:02:58+00:00","twitter_card":"summary_large_image","twitter_misc":{"Est. tempo de leitura":"2 minutos"},"schema":{"@context":"https:\/\/schema.org","@graph":[{"@type":"WebSite","@id":"https:\/\/www.oticaleblon.com.br\/loja\/#website","url":"https:\/\/www.oticaleblon.com.br\/loja\/","name":"\u00d3tica Leblon","description":"Sua \u00d3tica na internet","potentialAction":[{"@type":"SearchAction","target":{"@type":"EntryPoint","urlTemplate":"https:\/\/www.oticaleblon.com.br\/loja\/?s={search_term_string}"},"query-input":"required name=search_term_string"}],"inLanguage":"pt-BR"},{"@type":"WebPage","@id":"https:\/\/www.oticaleblon.com.br\/loja\/troca\/#webpage","url":"https:\/\/www.oticaleblon.com.br\/loja\/troca\/","name":"Pol\u00edtica de troca, devolu\u00e7\u00e3o e arrependimento - \u00d3tica Leblon","isPartOf":{"@id":"https:\/\/www.oticaleblon.com.br\/loja\/#website"},"datePublished":"2021-11-01T10:51:54+00:00","dateModified":"2021-11-05T11:02:58+00:00","breadcrumb":{"@id":"https:\/\/www.oticaleblon.com.br\/loja\/troca\/#breadcrumb"},"inLanguage":"pt-BR","potentialAction":[{"@type":"ReadAction","target":["https:\/\/www.oticaleblon.com.br\/loja\/troca\/"]}]},{"@type":"BreadcrumbList","@id":"https:\/\/www.oticaleblon.com.br\/loja\/troca\/#breadcrumb","itemListElement":[{"@type":"ListItem","position":1,"name":"Home","item":"https:\/\/www.oticaleblon.com.br\/loja\/"},{"@type":"ListItem","position":2,"name":"Pol\u00edtica de troca, devolu\u00e7\u00e3o e arrependimento"}]}]}},"_links":{"self":[{"href":"https:\/\/www.oticaleblon.com.br\/loja\/wp-json\/wp\/v2\/pages\/8832"}],"collection":[{"href":"https:\/\/www.oticaleblon.com.br\/loja\/wp-json\/wp\/v2\/pages"}],"about":[{"href":"https:\/\/www.oticaleblon.com.br\/loja\/wp-json\/wp\/v2\/types\/page"}],"author":[{"embeddable":true,"href":"https:\/\/www.oticaleblon.com.br\/loja\/wp-json\/wp\/v2\/users\/1"}],"replies":[{"embeddable":true,"href":"https:\/\/www.oticaleblon.com.br\/loja\/wp-json\/wp\/v2\/comments?post=8832"}],"version-history":[{"count":4,"href":"https:\/\/www.oticaleblon.com.br\/loja\/wp-json\/wp\/v2\/pages\/8832\/revisions"}],"predecessor-version":[{"id":8868,"href":"https:\/\/www.oticaleblon.com.br\/loja\/wp-json\/wp\/v2\/pages\/8832\/revisions\/8868"}],"wp:attachment":[{"href":"https:\/\/www.oticaleblon.com.br\/loja\/wp-json\/wp\/v2\/media?parent=8832"}],"curies":[{"name":"wp","href":"https:\/\/api.w.org\/{rel}","templated":true}]}}