{"id":10135,"date":"2022-08-09T15:57:46","date_gmt":"2022-08-09T18:57:46","guid":{"rendered":"https:\/\/www.oticaleblon.com.br\/loja\/?post_type=product&#038;p=10135"},"modified":"2024-07-02T05:43:50","modified_gmt":"2024-07-02T08:43:50","slug":"lente-crizal","status":"publish","type":"product","link":"https:\/\/www.oticaleblon.com.br\/loja\/product\/lente-crizal\/","title":{"rendered":"Grau &#8211; Monofocal Resina"},"content":{"rendered":"<p>Lentes monofocais de espessura padr\u00e3o.<br \/>\nContemplam Miopia e Hipermetropia at\u00e9 +\/-4.00 e astigmatismo at\u00e9 -2.00<\/p>\n","protected":false},"excerpt":{"rendered":"<p>Lentes monofocais de espessura padr\u00e3o.<br \/>\nContemplam Miopia e Hipermetropia at\u00e9 +\/-4.00 e astigmatismo at\u00e9 -2.00<\/p>\n","protected":false},"featured_media":9168,"comment_status":"open","ping_status":"closed","template":"","meta":[],"product_cat":[156,91],"product_tag":[],"yoast_head":"<!-- This site is optimized with the Yoast SEO plugin v17.4 - https:\/\/yoast.com\/wordpress\/plugins\/seo\/ -->\n<title>Grau - Monofocal Resina - \u00d3tica Leblon<\/title>\n<meta name=\"robots\" content=\"index, follow, max-snippet:-1, max-image-preview:large, max-video-preview:-1\" \/>\n<link rel=\"canonical\" href=\"https:\/\/www.oticaleblon.com.br\/loja\/product\/lente-crizal\/\" \/>\n<meta property=\"og:locale\" content=\"pt_BR\" \/>\n<meta property=\"og:type\" content=\"article\" \/>\n<meta property=\"og:title\" content=\"Grau - Monofocal Resina - \u00d3tica Leblon\" \/>\n<meta property=\"og:description\" content=\"Lentes monofocais de espessura padr\u00e3o.  Contemplam Miopia e Hipermetropia at\u00e9 +\/-4.00 e astigmatismo at\u00e9 -2.00\" \/>\n<meta property=\"og:url\" content=\"https:\/\/www.oticaleblon.com.br\/loja\/product\/lente-crizal\/\" \/>\n<meta property=\"og:site_name\" content=\"\u00d3tica Leblon\" \/>\n<meta property=\"article:modified_time\" content=\"2024-07-02T08:43:50+00:00\" \/>\n<meta name=\"twitter:card\" content=\"summary_large_image\" \/>\n<meta name=\"twitter:image\" content=\"https:\/\/www.oticaleblon.com.br\/loja\/wp-content\/uploads\/2022\/04\/My-fucking-test.webp\" \/>\n<script type=\"application\/ld+json\" class=\"yoast-schema-graph\">{\"@context\":\"https:\/\/schema.org\",\"@graph\":[{\"@type\":\"WebSite\",\"@id\":\"https:\/\/www.oticaleblon.com.br\/loja\/#website\",\"url\":\"https:\/\/www.oticaleblon.com.br\/loja\/\",\"name\":\"\\u00d3tica Leblon\",\"description\":\"Sua \\u00d3tica na internet\",\"potentialAction\":[{\"@type\":\"SearchAction\",\"target\":{\"@type\":\"EntryPoint\",\"urlTemplate\":\"https:\/\/www.oticaleblon.com.br\/loja\/?s={search_term_string}\"},\"query-input\":\"required name=search_term_string\"}],\"inLanguage\":\"pt-BR\"},{\"@type\":\"ImageObject\",\"@id\":\"https:\/\/www.oticaleblon.com.br\/loja\/product\/lente-crizal\/#primaryimage\",\"inLanguage\":\"pt-BR\",\"url\":\"https:\/\/www.oticaleblon.com.br\/loja\/wp-content\/uploads\/2022\/04\/My-fucking-test.webp\",\"contentUrl\":\"https:\/\/www.oticaleblon.com.br\/loja\/wp-content\/uploads\/2022\/04\/My-fucking-test.webp\",\"width\":1140,\"height\":787},{\"@type\":\"WebPage\",\"@id\":\"https:\/\/www.oticaleblon.com.br\/loja\/product\/lente-crizal\/#webpage\",\"url\":\"https:\/\/www.oticaleblon.com.br\/loja\/product\/lente-crizal\/\",\"name\":\"Grau - Monofocal Resina - \\u00d3tica Leblon\",\"isPartOf\":{\"@id\":\"https:\/\/www.oticaleblon.com.br\/loja\/#website\"},\"primaryImageOfPage\":{\"@id\":\"https:\/\/www.oticaleblon.com.br\/loja\/product\/lente-crizal\/#primaryimage\"},\"datePublished\":\"2022-08-09T18:57:46+00:00\",\"dateModified\":\"2024-07-02T08:43:50+00:00\",\"breadcrumb\":{\"@id\":\"https:\/\/www.oticaleblon.com.br\/loja\/product\/lente-crizal\/#breadcrumb\"},\"inLanguage\":\"pt-BR\",\"potentialAction\":[{\"@type\":\"ReadAction\",\"target\":[\"https:\/\/www.oticaleblon.com.br\/loja\/product\/lente-crizal\/\"]}]},{\"@type\":\"BreadcrumbList\",\"@id\":\"https:\/\/www.oticaleblon.com.br\/loja\/product\/lente-crizal\/#breadcrumb\",\"itemListElement\":[{\"@type\":\"ListItem\",\"position\":1,\"name\":\"Home\",\"item\":\"https:\/\/www.oticaleblon.com.br\/loja\/\"},{\"@type\":\"ListItem\",\"position\":2,\"name\":\"Shop\",\"item\":\"https:\/\/www.oticaleblon.com.br\/loja\/shop\/\"},{\"@type\":\"ListItem\",\"position\":3,\"name\":\"Grau &#8211; Monofocal Resina\"}]}]}<\/script>\n<!-- \/ Yoast SEO plugin. -->","yoast_head_json":{"title":"Grau - Monofocal Resina - \u00d3tica Leblon","robots":{"index":"index","follow":"follow","max-snippet":"max-snippet:-1","max-image-preview":"max-image-preview:large","max-video-preview":"max-video-preview:-1"},"canonical":"https:\/\/www.oticaleblon.com.br\/loja\/product\/lente-crizal\/","og_locale":"pt_BR","og_type":"article","og_title":"Grau - Monofocal Resina - \u00d3tica Leblon","og_description":"Lentes monofocais de espessura padr\u00e3o.  Contemplam Miopia e Hipermetropia at\u00e9 +\/-4.00 e astigmatismo at\u00e9 -2.00","og_url":"https:\/\/www.oticaleblon.com.br\/loja\/product\/lente-crizal\/","og_site_name":"\u00d3tica Leblon","article_modified_time":"2024-07-02T08:43:50+00:00","twitter_card":"summary_large_image","twitter_image":"https:\/\/www.oticaleblon.com.br\/loja\/wp-content\/uploads\/2022\/04\/My-fucking-test.webp","schema":{"@context":"https:\/\/schema.org","@graph":[{"@type":"WebSite","@id":"https:\/\/www.oticaleblon.com.br\/loja\/#website","url":"https:\/\/www.oticaleblon.com.br\/loja\/","name":"\u00d3tica Leblon","description":"Sua \u00d3tica na internet","potentialAction":[{"@type":"SearchAction","target":{"@type":"EntryPoint","urlTemplate":"https:\/\/www.oticaleblon.com.br\/loja\/?s={search_term_string}"},"query-input":"required name=search_term_string"}],"inLanguage":"pt-BR"},{"@type":"ImageObject","@id":"https:\/\/www.oticaleblon.com.br\/loja\/product\/lente-crizal\/#primaryimage","inLanguage":"pt-BR","url":"https:\/\/www.oticaleblon.com.br\/loja\/wp-content\/uploads\/2022\/04\/My-fucking-test.webp","contentUrl":"https:\/\/www.oticaleblon.com.br\/loja\/wp-content\/uploads\/2022\/04\/My-fucking-test.webp","width":1140,"height":787},{"@type":"WebPage","@id":"https:\/\/www.oticaleblon.com.br\/loja\/product\/lente-crizal\/#webpage","url":"https:\/\/www.oticaleblon.com.br\/loja\/product\/lente-crizal\/","name":"Grau - Monofocal Resina - \u00d3tica Leblon","isPartOf":{"@id":"https:\/\/www.oticaleblon.com.br\/loja\/#website"},"primaryImageOfPage":{"@id":"https:\/\/www.oticaleblon.com.br\/loja\/product\/lente-crizal\/#primaryimage"},"datePublished":"2022-08-09T18:57:46+00:00","dateModified":"2024-07-02T08:43:50+00:00","breadcrumb":{"@id":"https:\/\/www.oticaleblon.com.br\/loja\/product\/lente-crizal\/#breadcrumb"},"inLanguage":"pt-BR","potentialAction":[{"@type":"ReadAction","target":["https:\/\/www.oticaleblon.com.br\/loja\/product\/lente-crizal\/"]}]},{"@type":"BreadcrumbList","@id":"https:\/\/www.oticaleblon.com.br\/loja\/product\/lente-crizal\/#breadcrumb","itemListElement":[{"@type":"ListItem","position":1,"name":"Home","item":"https:\/\/www.oticaleblon.com.br\/loja\/"},{"@type":"ListItem","position":2,"name":"Shop","item":"https:\/\/www.oticaleblon.com.br\/loja\/shop\/"},{"@type":"ListItem","position":3,"name":"Grau &#8211; Monofocal Resina"}]}]}},"_links":{"self":[{"href":"https:\/\/www.oticaleblon.com.br\/loja\/wp-json\/wp\/v2\/product\/10135"}],"collection":[{"href":"https:\/\/www.oticaleblon.com.br\/loja\/wp-json\/wp\/v2\/product"}],"about":[{"href":"https:\/\/www.oticaleblon.com.br\/loja\/wp-json\/wp\/v2\/types\/product"}],"replies":[{"embeddable":true,"href":"https:\/\/www.oticaleblon.com.br\/loja\/wp-json\/wp\/v2\/comments?post=10135"}],"wp:featuredmedia":[{"embeddable":true,"href":"https:\/\/www.oticaleblon.com.br\/loja\/wp-json\/wp\/v2\/media\/9168"}],"wp:attachment":[{"href":"https:\/\/www.oticaleblon.com.br\/loja\/wp-json\/wp\/v2\/media?parent=10135"}],"wp:term":[{"taxonomy":"product_cat","embeddable":true,"href":"https:\/\/www.oticaleblon.com.br\/loja\/wp-json\/wp\/v2\/product_cat?post=10135"},{"taxonomy":"product_tag","embeddable":true,"href":"https:\/\/www.oticaleblon.com.br\/loja\/wp-json\/wp\/v2\/product_tag?post=10135"}],"curies":[{"name":"wp","href":"https:\/\/api.w.org\/{rel}","templated":true}]}}